rs of ((-3)/2 + 2)/(2/(-4)) + 8964?
8963
Let i = 16710 - -1176. What are the prime factors of i?
2, 3, 11, 271
What are the prime factors of 24894/5 - 417/(-2085)?
13, 383
Let j(h) = -2*h - 22. Let z(b) = -b + 1. Let l(g) = -j(g) + 3*z(g). Let x be l(13). Suppose -a + 216 = 4*d + a, 3*a = x. List the prime factors of d.
2, 13
Let n = -213 - -200. List the prime factors of (n - 1)*6/(-21)*123.
2, 3, 41
Let p(t) = -t**3 + 5*t**2. Let v be p(5). Let x be v*(4 + (-7 - -4)). Suppose -4*y + 88 + 504 = x. What are the prime factors of y?
2, 37
Suppose 0 = -s + 7 + 2. Let u be 312/s + 2/6. Suppose b = 2*n + u + 6, 2 = 2*n. What are the prime factors of b?
43
List the prime factors of (16/(-192)*12612)/((-28)/(-29) - 1).
29, 1051
Suppose -h + 2*x + 42770 = 0, 4*h + 59*x = 58*x + 171071. List the prime factors of h.
2, 3, 11
Suppose -161*r + 30039 = -93*r - 79169. List the prime factors of r.
2, 11, 73
Let d be 22/(-99) + 47/9. Suppose -113 = d*m - 43. What are the prime factors of 42*(3 + 18/m)?
2, 3
Suppose 2*k = -0*k + 4. Suppose -k*v + 7*v = 25. Suppose -v*h + 96 = -44. What are the prime factors of h?
2, 7
Suppose 125*n + 737331 - 1767181 = 3312900. What are the prime factors of n?
2, 29, 599
Suppose 2*w - 3*z = 10680 + 13061, -w = -4*z - 11868. What are the prime factors of w?
2, 7, 53
Let v(b) = 4*b**2 - 12*b - 1066. What are the prime factors of v(-51)?
2, 5, 199
Let o(q) = -5*q**3 + q**2 - 4*q + 2. Let s be o(1). What are the prime factors of 1160/s*(-93)/62?
2, 5, 29
Let q(f) = 2*f**2 - 35*f - 111. What are the prime factors of q(-12)?
3, 199
Let x(n) = n**3 + 17*n**2 - 6*n - 64. Let y be x(-17). Suppose -945 = -y*q + 29*q. What are the prime factors of q?
3, 5, 7
Let b = 1645 - -2154. What are the prime factors of b?
29, 131
What are the prime factors of 1526554/181 - (-4)/(-2)?
2, 17, 31
Let p be -5 - 5536/(-32)*(-1 + 9). Suppose -p = -3*x + 448. List the prime factors of x.
3, 7, 29
Let a(g) = 101*g**2 - 20*g + 17. Let k be a(-6). Suppose 5*b = -4*h + 8350, 2*h - 1239 = -3*b + k. What are the prime factors of b?
2, 3, 31
Let z be (-579*1)/((16/12)/(-4)). Suppose -4*n + 3*u - z = -7*n, 2*n = -5*u + 1164. List the prime factors of n.
577
Let w(p) = 49*p - 11. Let d be w(-6). Let c = 214 + d. Let l = 0 - c. List the prime factors of l.
7, 13
Suppose 6*a - 28 + 46 = 0. What are the prime factors of (7 - 17)/(a - 35/(-12))?
2, 3, 5
Suppose 3*d + 10 = 4*k, 7*k - 26 = 3*k - 5*d. Suppose -12*r = -k - 20. Let v(g) = 14*g**2 + 2*g - 2. List the prime factors of v(r).
2, 29
Let s = 23330 - 421. List the prime factors of s.
31, 739
Let y = 13814 + 16487. What are the prime factors of y?
157, 193
Let k(s) = -7*s + 24. Suppose -4*y - 26 = -3*l + 53, -4*l + 92 = -2*y. Let t = -27 + l. List the prime factors of k(t).
2, 3, 11
Let j = 73988 - 8192. What are the prime factors of j?
2, 3, 5483
List the prime factors of -8 + 678 + 0 + (-9 - -7).
2, 167
Let u = 40135 - 12744. What are the prime factors of u?
7, 13, 43
Suppose 36 = -3*o + 12*o. Suppose -2*f + 482 = -5*l - 95, o*l = -f + 282. What are the prime factors of f?
2, 11, 13
Suppose x - 4*d = 9, -3*x - 4*d - 15 = 22. Let f(k) = -29*k - 6. Let m(b) = 6*b + 1. Let a(w) = -2*f(w) - 11*m(w). List the prime factors of a(x).
3, 19
List the prime factors of ((-108)/24)/(36/(-183120)).
2, 3, 5, 7, 109
Let p = -145 - -156. Suppose h + 3*l - p = 0, -l = -3*h - 0*l + 3. Suppose -6*o + 256 = -h*o. List the prime factors of o.
2
Let f be (0 - 2) + (825 - 25). Let c(x) = x**2 - 1. Let i be c(3). What are the prime factors of f/i - (-2)/8?
2, 5
Suppose -h = -3*h + 8. Suppose 5*l = 5*p + 35, 0*l + 12 = -h*l - 4*p. What are the prime factors of 0 + -3 + l - -114?
113
Let r(l) be the second derivative of l**4/4 - 5*l**3/6 + 10*l**2 + 2*l. Let q = -4119 - -4122. List the prime factors of r(q).
2
Suppose 5*t + 141 = 166. Suppose 5*a - 9*j - 3876 = -5*j, t*a - j = 3879. List the prime factors of a.
2, 97
Suppose 338*a - 4678544 = 6*a. List the prime factors of a.
2, 13, 271
Let u = 10933 - 6885. What are the prime factors of u?
2, 11, 23
Let s(y) = 96*y**2 + 38*y - 243. List the prime factors of s(5).
2347
Let a(p) = p**3 - 9*p**2 + 8*p + 5. Let c be a(8). Suppose 10*n + c*f = 14*n - 1330, -f = 2. What are the prime factors of n?
2, 3, 5, 11
What are the prime factors of 540/14 + 3/7?
3, 13
Let v(q) = 2*q**2 + 13*q - 2. Let r be v(-7). Suppose -r*s = -10*s + 1580. Suppose 8*j - 4*j = s. What are the prime factors of j?
79
Let x be 4 + -12 - (-41 - 1). Suppose -11*j - 17526 = -x*j. What are the prime factors of j?
2, 3, 127
Suppose -252 = 10*w - w. Let i(n) = -2*n**2 - 86*n - 38. List the prime factors of i(w).
2, 401
Suppose -545 = -8*g + 11111. Let w = -854 + g. List the prime factors of w.
3, 67
Suppose -13*b - 5*h = -18*b + 97945, 5*b = -h + 97951. List the prime factors of b.
2, 3, 5, 653
What are the prime factors of ((1449/168)/(3/16))/((-2)/(-296))?
2, 23, 37
Suppose 62429 - 96186 - 80665 = -22*w. List the prime factors of w.
7, 743
What are the prime factors of (-1344)/(-256)*61696/12?
2, 7, 241
Suppose 2*m + 3*m + 5*x - 945 = 0, 0 = m - 5*x - 159. Let k = -1658 - -1662. What are the prime factors of 2 + (m/k - -1)?
7
What are the prime factors of (-33307)/(-8) + -2 + 675/(-1800)?
3, 19, 73
Suppose o + 8 = -o. Suppose -17*n = -57 + 6. List the prime factors of 12*(o/(-12) + 3)*n.
2, 3, 5
Let d(a) = 2*a**2 - 9*a - 3. Let o be d(9). Suppose 10*q = -0*q + 30. Suppose 4*t - p = 377, q*p = t - 2*t + o. What are the prime factors of t?
3, 31
What are the prime factors of (-48870)/(-126) - 9/(-63)?
2, 97
Let f(d) = 4561*d - 232. What are the prime factors of f(2)?
2, 5, 7, 127
Let j(h) = -h**2 + 11*h - 23. Suppose 48*r + 28 = 52*r. Let a be j(r). Suppose -6*s + 2*s + 561 = -3*l, 705 = a*s - 5*l. List the prime factors of s.
2, 3, 23
Suppose 5*z - 83000 = 2*a, -37*z + 4*a + 66388 = -33*z. What are the prime factors of z?
2, 3, 2767
Let o = 248 - 9. Let q = 78 + o. What are the prime factors of q?
317
Suppose -33 = -23*o + 12*o. Let q(x) = x**3 + 2*x**2 - 8*x - 2. Let a be q(o). Suppose a = g - 83. List the prime factors of g.
2, 3, 17
Let p(f) = -16*f + 5. Let g(h) = 40*h - 12. Let k(d) = 5*g(d) + 12*p(d). What are the prime factors of k(4)?
2
Let m = -218 - -478. Suppose m = 6*b - 2*b. List the prime factors of b.
5, 13
Let h(r) = -10*r**2 + 6*r + 2. Let t(p) = p**2. Let v(g) = -g**2 + 2*g + 2. Let f be v(3). Let m(o) = f*h(o) + 5*t(o). List the prime factors of m(-2).
2, 5, 7
Suppose 0 = -h + 6*h - 1205. Suppose 2*n = -5*a - 334, -2*n + a = -n + 160. Let p = n + h. List the prime factors of p.
79
Let p(l) = l**3 + 22*l**2 - 129*l - 27. What are the prime factors of p(-20)?
7, 479
Suppose -g - 16*q + 21*q + 9566 = 0, 2*g - 19132 = 5*q. List the prime factors of g.
2, 4783
Let u be ((-72)/(-21))/(-4)*70/(-20). Suppose -5*y - 154 = -u*b + 27, -b = 3*y - 65. What are the prime factors of b?
2, 31
Suppose -4*m + 5*r + 34718 - 6033 = 0, 5*r = 2*m - 14345. List the prime factors of m.
2, 3, 5, 239
Suppose -2*r + 4*p + 42496 = 0, 387*r - p = 392*r - 106240. List the prime factors of r.
2, 83
What are the prime factors of (717 + -12)*(-11)/(33/(-70))?
2, 5, 7, 47
List the prime factors of (7/((-105)/15550)*72/16)/(-1).
3, 5, 311
Let t(v) = -v + 7. Let h be t(-8). Suppose 9*q - h = 8*q. What are the prime factors of q?
3, 5
Suppose -714 - 5416 = -5*s. Let v = s + -621. List the prime factors of v.
5, 11
Suppose 0 = -304*r - 1642171 + 15078667. List the prime factors of r.
3, 1637
Suppose -3*m - 3495 = 4*x, -m + 4 = 5. Let c = -41 - x. What are the prime factors of c?
2, 13
Suppose q - 90957 = s - 3*s, -2*q = -s - 181884. List the prime factors of q.
3, 5, 43, 47
What are the prime factors of (-1)/2*37/((-481)/635726)?
7, 499
Let r = -19539 + 30543. What are the prime factors of r?
2, 3, 7, 131
What are the prime factors of ((-126)/(-162)*-3)/(2/(-12270))?
5, 7, 409
Suppose 3*b + 3*i = -0*i + 33, 44 = 4*b - 2*i. Suppose b*r - 2 = 10*r. Let y(x) = 11*x - 1. List the prime factors of y(r).
3, 7
Let i(g) = 4*g**2 - 5*g - 19. Let s be i(-6). Suppose -139*v + s*v = 20976. What are the prime factors of v?
3, 19, 23
Let f = -27054 + 56860. List the prime factors of f.
2, 7, 2129
Let m = -40 + 48. Suppose -m*b - 87 - 113 = 0. List the 